 = -2*t**3 + 17*t**2 + 34*t - 48. Determine p(10).
-8
Let c(q) = 450*q + 2236. What is c(-5)?
-14
Let u(m) = 4*m**2 + 26*m - 6. Calculate u(5).
224
Let g(t) = -2*t**3 + 5*t**2 + 4*t + 101. Give g(5).
-4
Let h(c) = -2*c**2 - 117*c - 167. Determine h(-56).
113
Let y(s) = s**2 - 183*s + 1824. Calculate y(10).
94
Let m(j) = -13966*j + 83806. What is m(6)?
10
Let g(d) = 23*d**3 + d**2 + 10*d + 7. What is g(-2)?
-193
Let f(x) = -x**3 + 7*x**2 - 10*x + 16. What is f(5)?
16
Let i(u) = 4*u**2 - 38*u + 70. Determine i(2).
10
Let t(x) = -x**2 + 223*x - 4739. Determine t(24).
37
Let h(q) = -q**3 - 24*q**2 - 197*q - 4724. Give h(-24).
4
Let u(v) = 2*v**3 - 101*v**2 + 44*v + 307. Determine u(50).
7
Let z(d) = -4*d + 83. Calculate z(12).
35
Let r(w) = -50*w + 193. Give r(5).
-57
Let z(i) = 2*i + 11. What is z(0)?
11
Let h(d) = -223*d + 5356. Give h(24).
4
Let n(j) = 2*j**3 + 3*j**2 - 13*j - 30. Calculate n(-2).
-8
Let p(y) = -394*y - 1546. What is p(-4)?
30
Let a(u) = 177*u - 2374. Calculate a(13).
-73
Let c(v) = -2*v**2 - 9*v + 208. What is c(15)?
-377
Let c(r) = 290*r + 1742. What is c(-6)?
2
Let o(n) = 27*n**2 + 99*n + 1. Give o(-4).
37
Let k(m) = m**3 + 50*m**2 - 226*m + 40. Give k(4).
0
Let g(y) = -y**3 + 14*y**2 + 11*y - 178. Determine g(14).
-24
Let r(u) = 24018*u + 480363. Give r(-20).
3
Let g(t) = t**2 + 14*t - 442. Give g(-30).
38
Let m(p) = -147*p + 830. Determine m(5).
95
Let g(k) = 3*k**3 - 146*k**2 - 49*k - 59. Give g(49).
-59
Let j(t) = 4*t - 248. What is j(97)?
140
Let n(r) = -46*r**2 - 207*r - 3. What is n(-3)?
204
Let o(v) = -26*v + 119. Determine o(6).
-37
Let x(b) = 18*b + 504. Determine x(-26).
36
Let n(k) = -6*k**2 - 156*k + 5. Give n(-26).
5
Let g(m) = -2828*m - 17045. What is g(-6)?
-77
Let c(v) = -9*v**2 + 167*v - 63. Calculate c(18).
27
Let z(q) = -110*q - 5181. What is z(-47)?
-11
Let o(p) = p**3 + 243*p**2 - 126*p + 89187. Give o(-245).
7
Let y(w) = -131*w - 1574. Determine y(-12).
-2
Let m(w) = 2*w**3 - 22*w**2 - 24*w + 12. What is m(9)?
-528
Let j(o) = -2*o**2 - 225*o - 4037. Determine j(-90).
13
Let f(r) = -78*r + 1871. Determine f(24).
-1
Let y(w) = -38*w + 118. Determine y(3).
4
Let n(q) = -49*q - 492. Give n(-10).
-2
Let p(r) = 7*r + 138. Give p(-20).
-2
Let u(k) = k**3 + 9*k**2 - 97*k - 102. Calculate u(-15).
3
Let c(q) = -q**3 + 16*q**2 - 42*q + 91. Determine c(13).
52
Let a(x) = -131*x - 772. Determine a(-6).
14
Let d(i) = -i**2 + 10*i + 49. Calculate d(-5).
-26
Let q(f) = -f**3 + 196*f**2 + 285*f - 17346. What is q(197)?
-10
Let s(t) = -591*t**2 - 2364*t + 7. Calculate s(-4).
7
Let h(f) = -2*f**3 + 196*f**2 - 16*f + 1492. Determine h(98).
-76
Let d(p) = 3*p**2 + 22*p - 10. Determine d(-4).
-50
Let t(x) = x**3 - 9*x**2 + 8*x - 96. Give t(9).
-24
Let f(j) = j**2 - 396*j + 399. Give f(1).
4
Let q(u) = 344*u**2 + 4*u + 5. Determine q(-1).
345
Let f(m) = 18*m**2 + 7*m + 1. What is f(-2)?
59
Let c(f) = -3*f**2 - 13*f - 46. What is c(-9)?
-172
Let d(g) = -g**2 - 32*g - 157. Determine d(-7).
18
Let z(j) = -5*j**3 + 4*j**2 - 23*j + 72. Determine z(4).
-276
Let y(m) = 213*m - 7036. Determine y(33).
-7
Let j(a) = a**2 - 28*a + 195. Determine j(13).
0
Let r(f) = 685*f**2 + 3429*f + 21. Give r(-5).
1
Let t(a) = a**3 + 17*a**2 - 3008*a + 5. What is t(47)?
5
Let w(j) = -6*j**2 - 125*j - 601. Determine w(-13).
10
Let j(n) = -135*n + 1439. Determine j(11).
-46
Let c(k) = -5395*k + 16179. Give c(3).
-6
Let m(w) = 4*w**2 + 144*w - 44. Give m(-37).
104
Let z(s) = 2157*s + 6465. Give z(-3).
-6
Let i(l) = l**2 - 10*l - 1883. What is i(-39)?
28
Let c(y) = 24*y + 1978. Determine c(-56).
634
Let o(d) = -d**3 + 59*d**2 + 53*d + 429. What is o(60)?
9
Let l(i) = i**2 + 86*i + 631. Determine l(-8).
7
Let j(t) = -t**3 - 27*t**2 - 125*t - 17. Calculate j(-21).
-38
Let o(a) = 44*a**2 + 327*a - 207. What is o(-8)?
-7
Let i(q) = -15*q**2 - 2*q - 7. What is i(-1)?
-20
Let z(d) = -28*d**2 + 10*d - 17. Calculate z(2).
-109
Let r(v) = -2*v**3 - 6*v**2 + 23*v + 82. Determine r(-5).
67
Let p(z) = z**2 + 47*z + 536. Calculate p(0).
536
Let i(t) = -t**2 - 2*t + 134. What is i(10)?
14
Let z(d) = -d**2 + 11*d - 22. What is z(5)?
8
Let f(r) = -11*r - 16. Calculate f(17).
-203
Let n(y) = y**3 - 101*y**2 + 405*y - 4. Give n(4).
64
Let k(q) = 286*q - 1740. What is k(6)?
-24
Let v(c) = -820*c + 3494. Determine v(4).
214
Let l(g) = -g**2 + 29*g + 250. What is l(-7)?
-2
Let w(x) = x**3 + 9*x**2 + 23*x + 62. Give w(-6).
32
Let k(x) = x**3 - 8*x**2 + 203*x - 560. Calculate k(3).
4
Let d(i) = i**2 + 2*i - 319. What is d(-18)?
-31
Let i(u) = u**2 - 80*u - 487. Determine i(-6).
29
Let v(d) = -9*d + 356. Determine v(46).
-58
Let h(u) = 123*u + 2086. What is h(-17)?
-5
Let l(q) = 93*q + 3555. Determine l(-42).
-351
Let v(a) = -a**2 + 1053*a + 16020. Give v(-15).
0
Let s(u) = 67*u + 502. Determine s(-9).
-101
Let f(m) = -590*m + 3534. What is f(6)?
-6
Let q(t) = t**2 - 2*t - 51. What is q(0)?
-51
Let w(d) = -224*d**2 + 1560*d - 4. Determine w(7).
-60
Let g(b) = 100*b - 1885. Determine g(19).
15
Let o(t) = -10*t + 224. Determine o(21).
14
Let i(q) = q**2 + 64*q - 4043. What is i(39)?
-26
Let z(h) = -166*h - 1503. Give z(-9).
-9
Let x(y) = 24*y**2 + 122*y + 13. Determine x(-5).
3
Let q(j) = 116*j + 2202. What is q(-19)?
-2
Let g(l) = l**3 + 40*l**2 + 41*l - 124. What is g(-39)?
-202
Let a(z) = z**3 + 12*z**2 - 61*z - 254. Give a(-3).
10
Let n(v) = -178*v + 627. Calculate n(6).
-441
Let u(s) = -2*s**3 + 7*s**2 + 42*s - 1. Determine u(6).
71
Let y(n) = -4*n**3 + 8*n**2 + 14*n + 9. Determine y(6).
-483
Let x(h) = 481*h + 12035. Calculate x(-25).
10
Let c(j) = -j**3 - 36*j**2 - 39*j - 158. Determine c(-35).
-18
Let w(c) = 220*c - 1299. Calculate w(7).
241
Let m(f) = 2*f**2 + 9*f - 8. What is m(8)?
192
Let g(h) = -2*h**2 - 60*h - 12. What is g(-28)?
100
Let m(g) = g**3 + 8*g**2 - 37*g - 19. Give m(-11).
25
Let n(i) = -i**2 - 55*i - 470. Determine n(-11).
14
Let n(o) = -o**2 + 7*o + 56. Calculate n(12).
-4
Let w(k) = -2*k**2 - 8*k - 90. What is w(-5)?
-100
Let h(l) = l + 46. Give h(11).
57
Let d(h) = -h**2 - 21*h + 156. Give d(-27).
-6
Let f(h) = -398*h + 3618. Give f(9).
36
Let h(m) = -m**2 + 40*m + 450. Calculate h(49).
9
Let s(t) = 75*t**2 + 6224*t - 80. Calculate s(-83).
3
Let b(p) = p**2 + 119*p - 244. Calculate b(2).
-2
Let f(u) = -60*u**3 + 2*u**2 - 6*u - 9. What is f(-1)?
59
Let o(m) = m**3 + 60*m**2 + 117*m + 44. Calculate o(-58).
-14
Let u(t) = -42*t + 111. Give u(8).
-225
Let w(k) = -k**3 - 102*k**2 + 540*k + 549. What is w(-107)?
14
Let o(t) = -t**2 + 334*t - 11303. What is o(296)?
-55
Let a(f) = 152*f - 13051. Determine a(86).
21
Let t(q) = 3*q**2 + 86*q + 193. What is t(-26)?
-15
Let f(h) = h**3 - 9*h**2 - 15*h + 40. Give f(10).
-10
Let d(t) = 33*t - 1054. What is d(31)?
-31
Let z(h) = 43*h**2 + 6068*h + 708. What is z(-141)?
3
Let d(y) = -71*y - 324. What is d(-4)?
-40
Let x(c) = -c**3 + 58*c**2 + 90*c - 1818. Give x(59).
11
Let n(g) = -g**3 - 6*g**2 + 6*g + 9. Calculate n(-4).
-47
Let m(i) = i**3 - 30*i**2 - 497*i + 76. Determine m(-12).
-8
Let x(s) = -81*s**2 + 2025*s - 1. What is x(25)?
-1
Let t(u) = -222*u - 2169. What is t(-8)?
-393
Let f(r) = -r**3 + 11*r**2 + 29*r - 343. Determine f(12).
-139
Let k(y) = y**2 - 70*y + 135. Determine k(68).
-1
Let v(m) = 276*m - 2477. What is v(9)?
7
Let i(h) = 2*h**2 + 49*h + 214. Give i(-19).
5
Let j(a) = -108*a + 431. Determine j(4).
-1
Let a(r) = -r**2 + 222*r - 12030. What is a(94)?
2
Let j(b) = -b**2 + 332*b + 2731. Calculate j(-8).
11
Let m(c) = 3*c**2 + 141*c + 1640. Give m(-21).
2
Let k(g) = -7981*g - 15952. Determine k(-2).
10
Let s(j) = -12*j**2 - 8*j + 2. Calculate s(-5).
-258
Let x(l) = 2*l**3 + 26*l**2 - 56*l - 393. Determine x(-14).
-1
Let b(q) = -167*q**2 - 490*q + 11. Determine b(-3).
-22
Let f(t) = -2508*t - 74. Give f(0).
-74
Let a(c) = -c**3 - 48*c**2 - 235*c - 890. Determine a(-43).
-30
Let y(n) = n**3 - 21*n**2 + 118*n - 9. Calculate y(11).
79
Let s(l) = -2*l**2 + 256*l - 1219. Determine s(5).
11
Let g(w) = -27*w - 1694. Determine g(-63).
7
Let z(x) = x**2 - 37. Calculate z(14).
159
Let o(f) = 4*f**2 - 19*f + 24. Calculate o(7).
87
Let q(t) = 49*t**2 + t. Calculate q(2).
198
Let j(v) = v**3 - 74*v**2 + 15*v - 1020. Determine j(74).
90
Let f(d) = -436*d - 5858. What is f(-13)?
-190
Let z(u) = -u**2 + 255*u -